{"id":3,"date":"2024-07-29T08:24:25","date_gmt":"2024-07-29T06:24:25","guid":{"rendered":"http:\/\/instalacje-elnet.pl\/?page_id=3"},"modified":"2024-08-29T10:39:55","modified_gmt":"2024-08-29T08:39:55","slug":"polityka-prywatnosci","status":"publish","type":"page","link":"https:\/\/instalacje-elnet.pl\/index.php\/polityka-prywatnosci\/","title":{"rendered":"Polityka prywatno\u015bci"},"content":{"rendered":"\n<style type=\"text\/css\" data-created_by=\"avia_inline_auto\" id=\"style-css-av-m0f1e511-db82f2b53459dc1c761499c30afd3e47\">\n.avia-section.av-m0f1e511-db82f2b53459dc1c761499c30afd3e47{\nbackground-color:#002259;\nbackground-image:url(https:\/\/instalacje-elnet.pl\/wp-content\/uploads\/2024\/08\/EL-NET-bcg-cables-80.png);\nbackground-repeat:no-repeat;\nbackground-position:50% 50%;\nbackground-attachment:fixed;\n}\n.avia-section.av-m0f1e511-db82f2b53459dc1c761499c30afd3e47 .av-section-color-overlay{\nopacity:0.5;\nbackground-color:#000d59;\n}\n<\/style>\n<div id='services'  class='avia-section av-m0f1e511-db82f2b53459dc1c761499c30afd3e47 main_color avia-section-huge avia-no-shadow  avia-builder-el-0  el_before_av_layout_row  avia-builder-el-first  avia-full-stretch avia-bg-style-fixed av-section-color-overlay-active av-minimum-height av-minimum-height-50 av-height-50  container_wrap sidebar_right'  data-section-bg-repeat='stretch' data-av_minimum_height_pc='50' data-av_min_height_opt='50'><div class=\"av-section-color-overlay-wrap\"><div class=\"av-section-color-overlay\"><\/div><div class='container av-section-cont-open' ><main  role=\"main\" itemprop=\"mainContentOfPage\"  class='template-page content  av-content-small alpha units'><div class='post-entry post-entry-type-page post-entry-3'><div class='entry-content-wrapper clearfix'>\n\n<style type=\"text\/css\" data-created_by=\"avia_inline_auto\" id=\"style-css-av-m0f1brbv-71b991f81638ea4170ad32b900f25ff2\">\n#top .av-special-heading.av-m0f1brbv-71b991f81638ea4170ad32b900f25ff2{\nmargin:0 0 0.7em 0;\npadding-bottom:20px;\ncolor:#ffffff;\nfont-size:40px;\n}\nbody .av-special-heading.av-m0f1brbv-71b991f81638ea4170ad32b900f25ff2 .av-special-heading-tag .heading-char{\nfont-size:25px;\n}\n#top #wrap_all .av-special-heading.av-m0f1brbv-71b991f81638ea4170ad32b900f25ff2 .av-special-heading-tag{\nfont-size:40px;\n}\n.av-special-heading.av-m0f1brbv-71b991f81638ea4170ad32b900f25ff2 .special-heading-inner-border{\nborder-color:#ffffff;\n}\n.av-special-heading.av-m0f1brbv-71b991f81638ea4170ad32b900f25ff2 .av-subheading{\nfont-size:23px;\n}\n\n@media only screen and (min-width: 480px) and (max-width: 767px){ \n#top #wrap_all .av-special-heading.av-m0f1brbv-71b991f81638ea4170ad32b900f25ff2 .av-special-heading-tag{\nfont-size:0.8em;\n}\n}\n\n@media only screen and (max-width: 479px){ \n#top #wrap_all .av-special-heading.av-m0f1brbv-71b991f81638ea4170ad32b900f25ff2 .av-special-heading-tag{\nfont-size:0.8em;\n}\n}\n<\/style>\n<div  class='av-special-heading av-m0f1brbv-71b991f81638ea4170ad32b900f25ff2 av-special-heading-h3 custom-color-heading blockquote modern-quote modern-centered  avia-builder-el-1  avia-builder-el-no-sibling  av-thin-font av-inherit-size av-linked-heading'><h3 class='av-special-heading-tag '  itemprop=\"headline\"  ><strong>POLITYKA PRYWATNO\u015aCI<\/strong><\/h3><div class=\"special-heading-border\"><div class=\"special-heading-inner-border\"><\/div><\/div><\/div>\n<\/div><\/div><\/main><!-- close content main element --><\/div><\/div><\/div><div id='av-layout-grid-1'  class='av-layout-grid-container av-av_layout_row-274dc3145a402e6347d72dca546b0482 entry-content-wrapper main_color av-flex-cells  avia-builder-el-2  el_after_av_section  avia-builder-el-last  grid-row-not-first  container_wrap sidebar_right'  >\n\n<style type=\"text\/css\" data-created_by=\"avia_inline_auto\" id=\"style-css-av-m0f1cyix-a748d462ab4a322db8d031f504f5e305\">\n.flex_cell.av-m0f1cyix-a748d462ab4a322db8d031f504f5e305{\nvertical-align:top;\nbackground-color:#f2f2f2;\n}\n<\/style>\n<div class='flex_cell av-m0f1cyix-a748d462ab4a322db8d031f504f5e305 av-gridrow-cell av_one_fifth no_margin  avia-builder-el-3  el_before_av_cell_three_fifth  avia-builder-el-first '  ><div class='flex_cell_inner'><\/div><\/div>\n<style type=\"text\/css\" data-created_by=\"avia_inline_auto\" id=\"style-css-av-m0f1ctcq-3b620722b19ee0d9e77bacf0af079283\">\n.flex_cell.av-m0f1ctcq-3b620722b19ee0d9e77bacf0af079283{\nvertical-align:top;\n}\n.responsive #top #wrap_all .flex_cell.av-m0f1ctcq-3b620722b19ee0d9e77bacf0af079283{\npadding:100px 100px 100px 100px !important;\n}\n<\/style>\n<div class='flex_cell av-m0f1ctcq-3b620722b19ee0d9e77bacf0af079283 av-gridrow-cell av_three_fifth no_margin  avia-builder-el-4  el_after_av_cell_one_fifth  el_before_av_cell_one_fifth '  ><div class='flex_cell_inner'>\n<style type=\"text\/css\" data-created_by=\"avia_inline_auto\" id=\"style-css-av-m0f1dfej-9828b396cc6bb174cbc67bd31a41cf52\">\n#top .av_textblock_section.av-m0f1dfej-9828b396cc6bb174cbc67bd31a41cf52 .avia_textblock{\nfont-size:20px;\n}\n<\/style>\n<section  class='av_textblock_section av-m0f1dfej-9828b396cc6bb174cbc67bd31a41cf52 '   itemscope=\"itemscope\" itemtype=\"https:\/\/schema.org\/CreativeWork\" ><div class='avia_textblock'  itemprop=\"text\" ><p><strong>Czym s\u0105 pliki \u201ecookies\u201d?<\/strong><\/p>\n<p>Pliki \u201ecookies\u201d to ma\u0142e pliki tekstowe rejestruj\u0105ce aktywno\u015b\u0107 u\u017cytkownika online. U\u0142atwiaj\u0105 poruszanie si\u0119 po witrynie oraz podejmowanie rozmaitych dzia\u0142a\u0144, poniewa\u017c rozpoznaj\u0105 urz\u0105dzenie U\u017cytkownika i wy\u015bwietlaj\u0105 stron\u0119 dopasowan\u0105 do jego indywidualnych preferencji. Ich wy\u0142\u0105czenie mo\u017ce spowodowa\u0107 b\u0142\u0119dne dzia\u0142anie strony oraz brak dost\u0119pu do niekt\u00f3rych funkcji.<\/p>\n<p><strong>Jakiego rodzaju plik\u00f3w \u201ecookie\u201d u\u017cywamy i w jaki spos\u00f3b je wykorzystujemy?<\/strong><\/p>\n<p>Sesyjne pliki cookie pozwalaj\u0105 zapami\u0119ta\u0107 wybory dokonane przez U\u017cytkownika i u\u017cywane m.in. przy logowaniu. Pozostaj\u0105 na urz\u0105dzeniu u\u017cytkownika do czasu wylogowania z serwisu lub zamkni\u0119cia przegl\u0105darki. Pliki cookie s\u0142u\u017c\u0105ce do analiz, pozwalaj\u0105ce zbiera\u0107 dane zwi\u0105zane ze sposobem korzystania z witryny internetowej, w tym tre\u015bci klikane przez u\u017cytkownika podczas przegl\u0105dania witryny, i umo\u017cliwiaj\u0105ce ulepszanie dzia\u0142ania oraz struktury serwisu. Pliki cookie u\u017cywane do targetowania, zapami\u0119tuj\u0105ce informacje dotycz\u0105ce korzystania z witryny internetowej, umo\u017cliwiaj\u0105ce proponowanie u\u017cytkownikom promocji i innych informacji dostosowanych do ich preferencji.<\/p>\n<p><strong>Usuwanie plik\u00f3w \u201ecookies\u201d<\/strong><\/p>\n<p>Ka\u017cdy rodzaj przegl\u0105darki oferuje mo\u017cliwo\u015b\u0107 blokowania i kasowania plik\u00f3w cookie. Wi\u0119cej informacji na temat zarz\u0105dzania plikami cookie mo\u017cna uzyska\u0107, korzystaj\u0105c z poni\u017cszych link\u00f3w.<\/p>\n<p><a href=\"http:\/\/windows.microsoft.com\/en-GB\/windows7\/How-to-manage-cookies-in-Internet-Explorer-9\" target=\"_blank\" rel=\"noopener\">Internet Explorer<\/a>\u00a0\/\u00a0<a href=\"https:\/\/support.mozilla.org\/en-US\/kb\/cookies-information-websites-store-on-your-computer?redirectlocale=en-US&amp;redirectslug=Cookies\" target=\"_blank\" rel=\"noopener\">Firefox<\/a>\u00a0\/\u00a0<a href=\"https:\/\/support.google.com\/chrome\/?hl=en&amp;answer=95647#topic=3227046\" target=\"_blank\" rel=\"noopener\">Chrome\u00a0<\/a>\/\u00a0<a href=\"https:\/\/support.apple.com\/kb\/PH5042?locale=pl_PL\" target=\"_blank\" rel=\"noopener\">Safari<\/a><\/p>\n<\/div><\/section>\n<\/div><\/div>\n<style type=\"text\/css\" data-created_by=\"avia_inline_auto\" id=\"style-css-av-m0f1d20d-855241145099ac6e191b0d47e6fea73a\">\n.flex_cell.av-m0f1d20d-855241145099ac6e191b0d47e6fea73a{\nvertical-align:top;\nbackground-color:#f2f2f2;\n}\n<\/style>\n<div class='flex_cell av-m0f1d20d-855241145099ac6e191b0d47e6fea73a av-gridrow-cell av_one_fifth no_margin  avia-builder-el-6  el_after_av_cell_three_fifth  avia-builder-el-last '  ><div class='flex_cell_inner'><\/div><\/div><\/div><\/p>\n","protected":false},"excerpt":{"rendered":"","protected":false},"author":1,"featured_media":0,"parent":0,"menu_order":0,"comment_status":"closed","ping_status":"open","template":"","meta":{"footnotes":""},"class_list":["post-3","page","type-page","status-publish","hentry"],"yoast_head":"<!-- This site is optimized with the Yoast SEO plugin v23.6 - https:\/\/yoast.com\/wordpress\/plugins\/seo\/ -->\n<title>Polityka prywatno\u015bci - EL-NET<\/title>\n<meta name=\"robots\" content=\"index, follow, max-snippet:-1, max-image-preview:large, max-video-preview:-1\" \/>\n<link rel=\"canonical\" href=\"https:\/\/instalacje-elnet.pl\/index.php\/polityka-prywatnosci\/\" \/>\n<meta property=\"og:locale\" content=\"pl_PL\" \/>\n<meta property=\"og:type\" content=\"article\" \/>\n<meta property=\"og:title\" content=\"Polityka prywatno\u015bci - EL-NET\" \/>\n<meta property=\"og:url\" content=\"https:\/\/instalacje-elnet.pl\/index.php\/polityka-prywatnosci\/\" \/>\n<meta property=\"og:site_name\" content=\"EL-NET\" \/>\n<meta property=\"article:modified_time\" content=\"2024-08-29T08:39:55+00:00\" \/>\n<meta name=\"twitter:card\" content=\"summary_large_image\" \/>\n<meta name=\"twitter:label1\" content=\"Szacowany czas czytania\" \/>\n\t<meta name=\"twitter:data1\" content=\"7 minut\" \/>\n<script type=\"application\/ld+json\" class=\"yoast-schema-graph\">{\"@context\":\"https:\/\/schema.org\",\"@graph\":[{\"@type\":\"WebPage\",\"@id\":\"https:\/\/instalacje-elnet.pl\/index.php\/polityka-prywatnosci\/\",\"url\":\"https:\/\/instalacje-elnet.pl\/index.php\/polityka-prywatnosci\/\",\"name\":\"Polityka prywatno\u015bci - EL-NET\",\"isPartOf\":{\"@id\":\"https:\/\/instalacje-elnet.pl\/#website\"},\"datePublished\":\"2024-07-29T06:24:25+00:00\",\"dateModified\":\"2024-08-29T08:39:55+00:00\",\"breadcrumb\":{\"@id\":\"https:\/\/instalacje-elnet.pl\/index.php\/polityka-prywatnosci\/#breadcrumb\"},\"inLanguage\":\"pl-PL\",\"potentialAction\":[{\"@type\":\"ReadAction\",\"target\":[\"https:\/\/instalacje-elnet.pl\/index.php\/polityka-prywatnosci\/\"]}]},{\"@type\":\"BreadcrumbList\",\"@id\":\"https:\/\/instalacje-elnet.pl\/index.php\/polityka-prywatnosci\/#breadcrumb\",\"itemListElement\":[{\"@type\":\"ListItem\",\"position\":1,\"name\":\"Strona g\u0142\u00f3wna\",\"item\":\"https:\/\/instalacje-elnet.pl\/index.php\/instalacje-elektryczne\/\"},{\"@type\":\"ListItem\",\"position\":2,\"name\":\"Polityka prywatno\u015bci\"}]},{\"@type\":\"WebSite\",\"@id\":\"https:\/\/instalacje-elnet.pl\/#website\",\"url\":\"https:\/\/instalacje-elnet.pl\/\",\"name\":\"EL-NET\",\"description\":\"Kolejna witryna oparta na WordPressie\",\"publisher\":{\"@id\":\"https:\/\/instalacje-elnet.pl\/#organization\"},\"potentialAction\":[{\"@type\":\"SearchAction\",\"target\":{\"@type\":\"EntryPoint\",\"urlTemplate\":\"https:\/\/instalacje-elnet.pl\/?s={search_term_string}\"},\"query-input\":{\"@type\":\"PropertyValueSpecification\",\"valueRequired\":true,\"valueName\":\"search_term_string\"}}],\"inLanguage\":\"pl-PL\"},{\"@type\":\"Organization\",\"@id\":\"https:\/\/instalacje-elnet.pl\/#organization\",\"name\":\"EL-NET\",\"url\":\"https:\/\/instalacje-elnet.pl\/\",\"logo\":{\"@type\":\"ImageObject\",\"inLanguage\":\"pl-PL\",\"@id\":\"https:\/\/instalacje-elnet.pl\/#\/schema\/logo\/image\/\",\"url\":\"http:\/\/instalacje-elnet.pl\/wp-content\/uploads\/2024\/07\/EL-NET-blue.png\",\"contentUrl\":\"http:\/\/instalacje-elnet.pl\/wp-content\/uploads\/2024\/07\/EL-NET-blue.png\",\"width\":340,\"height\":156,\"caption\":\"EL-NET\"},\"image\":{\"@id\":\"https:\/\/instalacje-elnet.pl\/#\/schema\/logo\/image\/\"}}]}<\/script>\n<!-- \/ Yoast SEO plugin. -->","yoast_head_json":{"title":"Polityka prywatno\u015bci - EL-NET","robots":{"index":"index","follow":"follow","max-snippet":"max-snippet:-1","max-image-preview":"max-image-preview:large","max-video-preview":"max-video-preview:-1"},"canonical":"https:\/\/instalacje-elnet.pl\/index.php\/polityka-prywatnosci\/","og_locale":"pl_PL","og_type":"article","og_title":"Polityka prywatno\u015bci - EL-NET","og_url":"https:\/\/instalacje-elnet.pl\/index.php\/polityka-prywatnosci\/","og_site_name":"EL-NET","article_modified_time":"2024-08-29T08:39:55+00:00","twitter_card":"summary_large_image","twitter_misc":{"Szacowany czas czytania":"7 minut"},"schema":{"@context":"https:\/\/schema.org","@graph":[{"@type":"WebPage","@id":"https:\/\/instalacje-elnet.pl\/index.php\/polityka-prywatnosci\/","url":"https:\/\/instalacje-elnet.pl\/index.php\/polityka-prywatnosci\/","name":"Polityka prywatno\u015bci - EL-NET","isPartOf":{"@id":"https:\/\/instalacje-elnet.pl\/#website"},"datePublished":"2024-07-29T06:24:25+00:00","dateModified":"2024-08-29T08:39:55+00:00","breadcrumb":{"@id":"https:\/\/instalacje-elnet.pl\/index.php\/polityka-prywatnosci\/#breadcrumb"},"inLanguage":"pl-PL","potentialAction":[{"@type":"ReadAction","target":["https:\/\/instalacje-elnet.pl\/index.php\/polityka-prywatnosci\/"]}]},{"@type":"BreadcrumbList","@id":"https:\/\/instalacje-elnet.pl\/index.php\/polityka-prywatnosci\/#breadcrumb","itemListElement":[{"@type":"ListItem","position":1,"name":"Strona g\u0142\u00f3wna","item":"https:\/\/instalacje-elnet.pl\/index.php\/instalacje-elektryczne\/"},{"@type":"ListItem","position":2,"name":"Polityka prywatno\u015bci"}]},{"@type":"WebSite","@id":"https:\/\/instalacje-elnet.pl\/#website","url":"https:\/\/instalacje-elnet.pl\/","name":"EL-NET","description":"Kolejna witryna oparta na WordPressie","publisher":{"@id":"https:\/\/instalacje-elnet.pl\/#organization"},"potentialAction":[{"@type":"SearchAction","target":{"@type":"EntryPoint","urlTemplate":"https:\/\/instalacje-elnet.pl\/?s={search_term_string}"},"query-input":{"@type":"PropertyValueSpecification","valueRequired":true,"valueName":"search_term_string"}}],"inLanguage":"pl-PL"},{"@type":"Organization","@id":"https:\/\/instalacje-elnet.pl\/#organization","name":"EL-NET","url":"https:\/\/instalacje-elnet.pl\/","logo":{"@type":"ImageObject","inLanguage":"pl-PL","@id":"https:\/\/instalacje-elnet.pl\/#\/schema\/logo\/image\/","url":"http:\/\/instalacje-elnet.pl\/wp-content\/uploads\/2024\/07\/EL-NET-blue.png","contentUrl":"http:\/\/instalacje-elnet.pl\/wp-content\/uploads\/2024\/07\/EL-NET-blue.png","width":340,"height":156,"caption":"EL-NET"},"image":{"@id":"https:\/\/instalacje-elnet.pl\/#\/schema\/logo\/image\/"}}]}},"_links":{"self":[{"href":"https:\/\/instalacje-elnet.pl\/index.php\/wp-json\/wp\/v2\/pages\/3","targetHints":{"allow":["GET"]}}],"collection":[{"href":"https:\/\/instalacje-elnet.pl\/index.php\/wp-json\/wp\/v2\/pages"}],"about":[{"href":"https:\/\/instalacje-elnet.pl\/index.php\/wp-json\/wp\/v2\/types\/page"}],"author":[{"embeddable":true,"href":"https:\/\/instalacje-elnet.pl\/index.php\/wp-json\/wp\/v2\/users\/1"}],"replies":[{"embeddable":true,"href":"https:\/\/instalacje-elnet.pl\/index.php\/wp-json\/wp\/v2\/comments?post=3"}],"version-history":[{"count":4,"href":"https:\/\/instalacje-elnet.pl\/index.php\/wp-json\/wp\/v2\/pages\/3\/revisions"}],"predecessor-version":[{"id":313,"href":"https:\/\/instalacje-elnet.pl\/index.php\/wp-json\/wp\/v2\/pages\/3\/revisions\/313"}],"wp:attachment":[{"href":"https:\/\/instalacje-elnet.pl\/index.php\/wp-json\/wp\/v2\/media?parent=3"}],"curies":[{"name":"wp","href":"https:\/\/api.w.org\/{rel}","templated":true}]}}